{"id":12,"date":"2013-08-21T19:52:33","date_gmt":"2013-08-21T19:52:33","guid":{"rendered":"http:\/\/weight-watching-walde.de\/?page_id=12"},"modified":"2017-07-28T13:51:53","modified_gmt":"2017-07-28T13:51:53","slug":"no-sports","status":"publish","type":"page","link":"http:\/\/weight-watching-walde.de\/?page_id=12","title":{"rendered":"Sport ? Nein !"},"content":{"rendered":"<p><strong>Zielorientierte Gewichtsreduktion ist das Thema, nicht Fitness ! Ich leite Sie nicht an zu einseitigen Crash-Di\u00e4ten, kombiniert\u00a0mit tempor\u00e4rem Maximalsport !<\/strong><\/p>\n<p><strong>Sport ist NICHT die Stellschraube, um Sie zu Ihrem Wunschgewicht zu f\u00fchren ! Denn wenn Sie mit Freude regelm\u00e4\u00dfig Sport aus\u00fcben w\u00fcrden, h\u00e4tten Sie kein Problem mit Ihrem Gewicht. Wenn Sie nun mit Sport anfangen &#8211; in erster Linie um Pfunde zu verlieren -, werden Sie auch wieder damit aufh\u00f6ren, wenn Sie Ihr Wunschgewicht erreicht haben&#8230;<\/strong><br \/>\n<strong> und Ihr Gewicht wird wieder ansteigen, wenn Sie in der Zwischenzeit nicht zu einem neuen Ern\u00e4hrungsbewusstsein gefunden haben. Ich bin Ihnen gerne dabei behilflich, dieses zu erlangen beziehungsweise wiederzufinden !<\/strong><\/p>\n<p><strong>Was man aber zweifelsfrei sagen kann: Bewegung im Alltag ist wichtig ! In welchem Ma\u00dfe sich wirklich JEDER besser bewegen kann, erfahren Sie neben vielen anderen Einstiegstipps im Erstgespr\u00e4ch.<\/strong><\/p>\n","protected":false},"excerpt":{"rendered":"<p>Zielorientierte Gewichtsreduktion ist das Thema, nicht Fitness ! Ich leite Sie nicht an zu einseitigen Crash-Di\u00e4ten, kombiniert\u00a0mit tempor\u00e4rem Maximalsport ! Sport ist NICHT die Stellschraube, um Sie zu Ihrem Wunschgewicht zu f\u00fchren ! Denn wenn Sie mit Freude regelm\u00e4\u00dfig Sport &hellip; <a href=\"http:\/\/weight-watching-walde.de\/?page_id=12\">Weiterlesen <span class=\"meta-nav\">&rarr;<\/span><\/a><\/p>\n","protected":false},"author":1,"featured_media":0,"parent":0,"menu_order":0,"comment_status":"closed","ping_status":"closed","template":"","meta":{"footnotes":""},"class_list":["post-12","page","type-page","status-publish","hentry"],"aioseo_notices":[],"_links":{"self":[{"href":"http:\/\/weight-watching-walde.de\/index.php?rest_route=\/wp\/v2\/pages\/12","targetHints":{"allow":["GET"]}}],"collection":[{"href":"http:\/\/weight-watching-walde.de\/index.php?rest_route=\/wp\/v2\/pages"}],"about":[{"href":"http:\/\/weight-watching-walde.de\/index.php?rest_route=\/wp\/v2\/types\/page"}],"author":[{"embeddable":true,"href":"http:\/\/weight-watching-walde.de\/index.php?rest_route=\/wp\/v2\/users\/1"}],"replies":[{"embeddable":true,"href":"http:\/\/weight-watching-walde.de\/index.php?rest_route=%2Fwp%2Fv2%2Fcomments&post=12"}],"version-history":[{"count":9,"href":"http:\/\/weight-watching-walde.de\/index.php?rest_route=\/wp\/v2\/pages\/12\/revisions"}],"predecessor-version":[{"id":123,"href":"http:\/\/weight-watching-walde.de\/index.php?rest_route=\/wp\/v2\/pages\/12\/revisions\/123"}],"wp:attachment":[{"href":"http:\/\/weight-watching-walde.de\/index.php?rest_route=%2Fwp%2Fv2%2Fmedia&parent=12"}],"curies":[{"name":"wp","href":"https:\/\/api.w.org\/{rel}","templated":true}]}}