{"id":16,"date":"2013-08-21T19:55:04","date_gmt":"2013-08-21T19:55:04","guid":{"rendered":"http:\/\/weight-watching-walde.de\/?page_id=16"},"modified":"2014-03-12T13:40:35","modified_gmt":"2014-03-12T13:40:35","slug":"impressum","status":"publish","type":"page","link":"http:\/\/weight-watching-walde.de\/?page_id=16","title":{"rendered":"Impressum"},"content":{"rendered":"<div id=\"sub_container2\">\n<div class=\"content\" id=\"content_container\">\n<p><span style=\"text-decoration: underline;\"><span style=\"font-weight: bold;\">Impressum<\/span><\/span><\/p>\n<p><strong>Dienstanbieter im Sinne von \u00a76 TDG:<\/strong><\/p>\n<p><strong>Dirk Walde<\/strong><\/p>\n<p><strong>Moerser Landstrasse 300a<\/strong><\/p>\n<p><strong>47802 Krefeld<\/strong><\/p>\n<p><strong>Telefon: +49 (0) 2151 966035<\/strong><\/p>\n<p><strong>Email: dw@weight-watching-walde.de<\/strong><\/p>\n<p><strong>Internet: www.weight-watching-walde.de<\/strong><\/p>\n<p><strong>\u00a0<\/strong><\/p>\n<p><strong>Inhaltlich Verantwortlicher gem. \u00a710 Absatz 3 MDStV: Dirk Walde<\/strong><\/p>\n<p><strong>\u00a0<\/strong><\/p>\n<p><strong>Haftungshinweis:<\/strong><\/p>\n<p><strong>Trotz sorgf\u00e4ltiger Kontrolle \u00fcbernehme ich keine Haftung f\u00fcr die Inhalte externer Links. F\u00fcr den Inhalt der verlinkten Seiten sind ausschlie\u00dflich deren Betreiber verantwortlich.<\/strong><\/p>\n<p><strong>\u00a0<\/strong><\/p>\n<\/div>\n<\/div>\n<div id=\"footer\">\n<div id=\"footer_text\"><strong>www.weight-watching-walde.de Inh.: Dipl.-Ing. Dirk Walde<\/strong><\/div>\n<\/div>\n","protected":false},"excerpt":{"rendered":"<p>Impressum Dienstanbieter im Sinne von \u00a76 TDG: Dirk Walde Moerser Landstrasse 300a 47802 Krefeld Telefon: +49 (0) 2151 966035 Email: dw@weight-watching-walde.de Internet: www.weight-watching-walde.de \u00a0 Inhaltlich Verantwortlicher gem. \u00a710 Absatz 3 MDStV: Dirk Walde \u00a0 Haftungshinweis: Trotz sorgf\u00e4ltiger Kontrolle \u00fcbernehme ich &hellip; <a href=\"http:\/\/weight-watching-walde.de\/?page_id=16\">Weiterlesen <span class=\"meta-nav\">&rarr;<\/span><\/a><\/p>\n","protected":false},"author":1,"featured_media":0,"parent":0,"menu_order":0,"comment_status":"closed","ping_status":"closed","template":"","meta":{"footnotes":""},"class_list":["post-16","page","type-page","status-publish","hentry"],"aioseo_notices":[],"_links":{"self":[{"href":"http:\/\/weight-watching-walde.de\/index.php?rest_route=\/wp\/v2\/pages\/16","targetHints":{"allow":["GET"]}}],"collection":[{"href":"http:\/\/weight-watching-walde.de\/index.php?rest_route=\/wp\/v2\/pages"}],"about":[{"href":"http:\/\/weight-watching-walde.de\/index.php?rest_route=\/wp\/v2\/types\/page"}],"author":[{"embeddable":true,"href":"http:\/\/weight-watching-walde.de\/index.php?rest_route=\/wp\/v2\/users\/1"}],"replies":[{"embeddable":true,"href":"http:\/\/weight-watching-walde.de\/index.php?rest_route=%2Fwp%2Fv2%2Fcomments&post=16"}],"version-history":[{"count":3,"href":"http:\/\/weight-watching-walde.de\/index.php?rest_route=\/wp\/v2\/pages\/16\/revisions"}],"predecessor-version":[{"id":102,"href":"http:\/\/weight-watching-walde.de\/index.php?rest_route=\/wp\/v2\/pages\/16\/revisions\/102"}],"wp:attachment":[{"href":"http:\/\/weight-watching-walde.de\/index.php?rest_route=%2Fwp%2Fv2%2Fmedia&parent=16"}],"curies":[{"name":"wp","href":"https:\/\/api.w.org\/{rel}","templated":true}]}}